1)) + -2. Suppose -2*p - t + 49 = 0, -4*p - r*t = -7*t - 63. Is p a composite number?
True
Suppose 5*h - 4*h - 55 = 0. Is h prime?
False
Suppose 27 = 6*i - 507. Is i composite?
False
Let r(a) = 2*a - 38*a**2 - 3*a + 4 - 3. Let c be r(1). Is c/((-5)/((-15)/(-6))) composite?
False
Let s(o) = -3*o - 8. Suppose 2*h - 5 - 5 = 0. Suppose -4*g = h*k + 11 + 18, 0 = -5*k - 2*g - 37. Is s(k) prime?
True
Let i = 25 - -7. Let n = 243 - i. Is n a prime number?
True
Let t(k) = -2*k - 7. Let i be t(-8). Let x(o) = o - 5. Let v be x(i). Suppose 0 = -v*l - 24 + 332. Is l composite?
True
Let c(x) = -94*x - 1. Is c(-1) prime?
False
Let m(u) = 63*u**2 + 2*u - 2. Is m(3) a composite number?
False
Is 6842/6 + (-24)/(-36) a composite number?
True
Let s(v) = -52*v + 5. Let m(l) = -5*l**2. Let i be m(1). Is s(i) composite?
True
Let k(i) = 2*i**3 + 2*i**2 + 5*i. Let u(q) = q**3 + q**2 - q - 1. Let z(d) = -k(d) - 3*u(d). Is z(-4) a composite number?
False
Suppose 2*d = -5*w - 17, -2*d + 5 + 18 = -3*w. Is 106/d*(5 - 3) a prime number?
True
Let n = 171 - 100. Is n a composite number?
False
Let b(g) = 3*g**2 - 2 + g**3 - 9*g**2 - g**2 + 5*g. Let m be b(4). Let o = m - -53. Is o composite?
False
Let o(w) = w + 12. Let i be o(-9). Suppose -11 - 13 = -i*l. Is 3*(l - 0) - 1 a composite number?
False
Suppose 0 = -0*b - 4*b + 8. Suppose 92 = 4*y - 2*t, -y + t - b*t + 17 = 0. Is y a prime number?
False
Let u(r) = r**3 + 3*r**2 + 2*r + 1. Let h be u(-6). Let n = h + 306. Is n a composite number?
True
Let s(k) = -k**3 + 7*k**2 + 2*k - 8. Let x be s(7). Suppose 2*r + 160 = x*r. Let a = -17 + r. Is a composite?
False
Suppose 3*z - 13 - 47 = -m, 4*m - 2*z = 198. Is m prime?
False
Let x = 114 + -37. Suppose -u + 4*a + 19 = 0, 2*u - 2*a + 7*a = x. Is u a prime number?
True
Suppose 2*u - 8 = 4*d, -4*d = 2*u - 13 - 3. Let h = 37 - u. Is h a prime number?
True
Suppose 0*j - 293 = -j. Is j composite?
False
Let k(l) be the third derivative of 299*l**4/24 - l**3/2 - 3*l**2. Let s be k(2). Suppose 4*a + a - s = 0. Is a a composite number?
True
Let y = -20 - -28. Is 29/2*y - 3 a composite number?
False
Suppose 2*g = -4*r + 5690, -2*g + r + 3174 = -2541. Is g prime?
False
Suppose 3*o = -4*q + 20, -5*q = -2*o - 4*q - 5. Suppose 5*d = -o*d + 115. Is d prime?
True
Let o(f) = -2*f + 59. Is o(0) composite?
False
Suppose -4*i = 1 - 21, 3*i - 30 = -3*q. Suppose q*f = f + 40. Suppose 4 = s + 4*z - f, s - 2*z - 8 = 0. Is s prime?
False
Let l = 847 + -554. Is l a prime number?
True
Let d(w) = 16*w**2 + 7*w - 1. Is d(8) prime?
False
Let g(x) = -6*x**3 - 7*x**2 - 5*x - 1. Is g(-4) prime?
False
Let f(y) = y. Let o(k) = -k**2 - 12*k - 2. Let j(w) = 6*f(w) + o(w). Let i be j(-5). Suppose 2 = -i*c + 4*r + 163, 277 = 5*c + 2*r. Is c prime?
False
Let q(d) be the first derivative of -d**2/2 + 10*d - 3. Let l be q(5). Suppose 4*u = -3*o + 373, -3*o - 2*u = -l*o + 230. Is o composite?
True
Suppose 9*f = 5*f + 16. Let o(i) = 6*i**3 - 7*i**2 + 5*i - 1. Is o(f) prime?
False
Let l = 240 + 13. Is l a prime number?
False
Suppose 1 = -i - a + 4*a, -i + 1 = -2*a. Suppose -1 = -4*n + 3*n, -o = -i*n - 30. Is o a prime number?
False
Let h(t) = 33*t**2 + 1. Let b be h(-1). Let u = -22 + b. Suppose -l = -u + 3. Is l prime?
False
Suppose -21 = i + 37. Let w = i + -84. Let c = 227 + w. Is c a composite number?
True
Let g(p) = -3*p**2 + 4*p + 3. Let b be g(-4). Let h = b + 116. Is h prime?
False
Is (22/4 + -3 - 3)*-1574 composite?
False
Is 1104/10 + 6/10 a composite number?
True
Suppose 5*o = 5*n - 6800, -3*n + 0*n - 4*o + 4101 = 0. Is n a prime number?
False
Let f(q) = 238*q**3 - 4*q + 5. Is f(2) composite?
False
Suppose -12*z + 9001 + 1931 = 0. Is z a composite number?
False
Let p be (-20)/(-15)*3/2. Suppose 0 = 2*u - n + 169, 8*u + p*n = 3*u - 445. Is ((-1)/(-1))/((-1)/u) prime?
False
Let l be -345*1 - 4/(-4). Let k = l + 142. Is 1/(-4) - k/8 a prime number?
False
Let s(v) = -10*v**3 + 7*v**2 + 20*v + 3. Is s(-8) prime?
False
Is (-595)/(-10)*(-6)/(-9)*3 a prime number?
False
Let n(i) = -3*i**3 + i**2 + i + 2. Let r be n(3). Let a(y) = -y**3 + 8*y**2 + 12*y - 1. Let s be a(9). Let z = s - r. Is z a prime number?
False
Let q(g) = g**2 - 6*g - 5. Let w be q(6). Let v be (8/(-10))/((-1)/w). Is 1/2 + (-218)/v composite?
True
Let a be (-1 - (1 + 11))/1. Let j(g) = -2*g**2 + 5*g + 2. Let w be j(3). Is 4*a/w - -1 prime?
True
Suppose 0 = 5*t - 2794 + 239. Let w = 208 + t. Suppose 0 = 5*a + 3*z - 949, w - 142 = 3*a - 2*z. Is a a composite number?
False
Let h(t) = -t**3 + 5*t**2 + 2*t + 1. Suppose 5*c = -3*r - 14, -4*r - 4*c = 17 - 1. Is h(r) composite?
False
Let i be 2/(0 - 1) - -46. Suppose 4*t = -5*x - 166 + 17, 0 = -5*x + 3*t - 142. Let z = x + i. Is z composite?
True
Suppose -5*f - 19 = -2*j + 9, 4*j + 4*f = 0. Suppose 3*c + 0*k - 3127 = k, -j*k + 5223 = 5*c. Is c prime?
False
Let s = 1253 + -586. Is s a composite number?
True
Let i(k) = 16*k + 9. Suppose 0*l - 5*c = -2*l + 3, -5*l - 4*c = -90. Suppose -p + l = p. Is i(p) a composite number?
True
Suppose -25 + 161 = 4*o. Suppose -3*y = -3*x - 48, -5*y - 1 + 51 = -3*x. Let i = o + x. Is i a composite number?
False
Suppose c - 34 = -3*c + 5*g, 4*c + 4*g - 52 = 0. Let x(v) = 21*v + 5. Let a(u) = 64*u + 14. Let q(h) = c*x(h) - 4*a(h). Is q(-6) a composite number?
False
Let i be (24/(-15))/(2/(-10)). Let n(j) = i*j + 3*j - 2*j. Is n(1) composite?
True
Suppose 31 = 2*n + 9. Suppose 2*i - 4*a - n = i, 2*i - 2*a = 34. Is i a composite number?
False
Suppose 4*t + 908 = 348. Let o = t + 259. Is o a composite number?
True
Is 9889/22 - 1/2 a composite number?
False
Suppose 14 = 4*z - 3*m + 6, 0 = -4*m. Let n = z + 1. Suppose -4*q + 219 = 5*d, -147 + 0 = -n*q + 2*d. Is q prime?
False
Suppose -5*j - 66 = -841. Suppose -3*f + j = 5*s - 125, -134 = -3*s + 5*f. Is s a prime number?
True
Suppose 0 = -4*y - 3*r + 23, -3*r + 2*r + 15 = 5*y. Let h(k) = 3 + 4*k**y - 5 + 2*k**2. Is h(2) a composite number?
True
Let r(k) = 4*k**3 + 8*k + 5. Is r(4) a prime number?
True
Suppose 283 = f + 46. Is f a prime number?
False
Let c(f) = 6*f + 17. Is c(7) a composite number?
False
Suppose 0 = 6*b + 2*b - 12968. Is b composite?
False
Let q(m) = -22*m**3 + m**2 + m - 1. Let f(x) = -x + 1. Let s be f(4). Is q(s) a composite number?
False
Let c(m) = 3*m**2 + 3*m - 3*m**2 + 2*m**2. Let f be c(-2). Suppose -f = -v + 5. Is v composite?
False
Let i = -149 - 28. Let x = 384 + i. Let w = -80 + x. Is w a composite number?
False
Suppose -k - k + 27 = -q, -3*k + 53 = -4*q. Let m be 7/(35/(-2))*-165. Let t = m + k. Is t prime?
False
Let z = 203 + 12. Suppose 0 = -5*t + 5*s + z, t - 2*s = -2*t + 125. Is t prime?
False
Suppose -u - 2*c - 1 = -3, 13 = 4*u + 3*c. Suppose -2*i + 8 = 0, u*i - 296 = -6*y + 2*y. Suppose -y - 23 = -3*r. Is r a prime number?
True
Let a(z) = -2*z. Let l be a(-2). Suppose -l*t = -3*j - 485, 3*t - 4*j - 250 = t. Is t a prime number?
False
Suppose -3*q + 2*v = -17, 2 = 3*q + v - 3. Is q a composite number?
False
Suppose -2*k + 80 = -w - 241, -5*k + 810 = 5*w. Suppose -k = -o + 2*a + 2*a, 4*o - 623 = -5*a. Is o composite?
False
Is 1740 + (5 + -3 - 7) a composite number?
True
Suppose 0 = b + 3*b - 612. Suppose -q = -4*q + b. Is q prime?
False
Suppose 0 = -0*c + 5*c. Suppose c*u + 341 = u. Is u composite?
True
Suppose -4*w + 7795 = -k, -3*w + 5*k = -2*w - 1944. Is w prime?
True
Let z be 52/16 - (-1)/(-4). Let d = -12 - z. Let h = d + 30. Is h prime?
False
Let z = 4 + 0. Suppose -2*p + 5*d - 25 = 0, 2 = 4*p + 3*d - 13. Suppose 124 = -p*t + z*t. Is t a prime number?
True
Suppose u + 22 - 213 = 0. Is u a prime number?
True
Let t(o) = -49*o**3 + 4*o**2 + 2*o - 2. Let j be t(-2). Suppose 5*c = 2*i - j, -c = -3*i + 4*c + 613. Is i composite?
False
Suppose -39 = -5*i - 2*b, i + 2*b - 5 - 6 = 0. Let a = i - 15. Is (-4)/a*22/1 a composite number?
False
Suppose 542 = 6*v - 436. Is v composite?
False
Suppose -3*z - 4*k - 3 = 0, 0*z + 2*k + 15 = 3*z. Suppose 64 = 4*c + z*f + f, c - 11 = 4*f. Is (-1)/(-2)*2*c a prime number?
False
Suppose 0 = -5*s - 130 - 35. Let f = 68 + s. Let y = f + -21. Is y a prime number?
False
Suppose 2*j + 23 = 3*m - 12, 3*j + 62 = -5*m. Let f = -8 - j. Suppose 4*a - 1 - f = 0. Is a a composite number?
False
Let g(b) = 8*b**2 + 3*b - 7. Let o(y) = -y**2 - y + 1. Let d(j) = g(j) + 5*o(j). Is d(9) a